 + 2240 - 4466. Suppose 4*g + 11 = -2*m + 29, 0 = -5*m - 5. Suppose 5*s + 5 = -g. Calculate k(s).
0
Let q(b) = 2*b**3 + 2*b**2 + 3*b - 213. Let s(u) = -4*u**3 - 3*u**2 - 5*u + 357. Let o(d) = -5*q(d) - 3*s(d). Calculate o(2).
6
Let a(i) = 18*i - 15. Let s(r) = -2*r**3 - 89*r**2 - 44*r + 8. Let p be s(-44). Calculate a(p).
129
Let o(x) = 12*x - 179. Let k be o(14). Let a = k + 10. Let m(i) = 13*i**2 - i - 1. Give m(a).
13
Let y(f) = f**2 + f + 1. Let k(t) = -4*t**2 + 4*t - 8. Let b(c) = k(c) + 3*y(c). Let m(a) = a**3 + 33*a**2 - 71*a - 33. Let q be m(-35). Give b(q).
5
Let i(s) = s**2 + 9*s + 7. Let f be -6*((-129)/(-63) - (-4)/14). Let m = 18 + f. Let v(y) = y**2 - 10*y + 17. Let h be v(m). Give i(h).
-7
Let z = -185 - 72. Let q = 252 + z. Let u(j) = -2*j + 3. Determine u(q).
13
Let d(z) = 6*z - 11. Let s = 47 - -46. Let y = s + -91. Let l(w) = w - 2. Let c(i) = y*d(i) - 11*l(i). What is c(-6)?
-6
Suppose -30 = a + 2*a. Let t(j) be the first derivative of j**2/2 + 10*j + 8209. What is t(a)?
0
Let t(i) = -i**3 + 7*i**2 - 13*i + 32. Suppose 6 = 2*k + v, -2*k - 3*v = 341 - 335. Calculate t(k).
-10
Let b(q) = 4*q - 2*q**2 - 4*q + 4*q + 4 + q**3 + 12*q**2. Let i(o) = o**3 + 29*o**2 + 84*o + 9. Let n be i(-3). Determine b(n).
49
Let x(q) be the first derivative of -5*q**2/2 + q + 6. Suppose 45 + 21 = 11*s. What is x(s)?
-29
Let n(c) = -73*c**2 + 52 - 26 + 72*c**2 - 2*c - 19. Give n(3).
-8
Let t = -189 - -225. Suppose 3*k - 5*o = 24, 4*k - t = 2*o - 4. Let g(m) = m - 1. Calculate g(k).
7
Suppose 2*c = -3*y + 4*c + 37, y - 19 = -c. Let w(r) = 20*r + y - 17 - 16*r. What is w(-5)?
-22
Suppose 48*g - 42*g + 66 = 0. Let c(o) be the second derivative of -o**3/6 - 6*o**2 - 3*o + 356. What is c(g)?
-1
Suppose -143 = 24*v - 335. Let j(t) = 2*t + t + t**2 + 1 - 13*t. Calculate j(v).
-15
Suppose 4*b - 202 = -78. Suppose 2*p = 5*a - 0*p - 199, 41 = a - p. Let u = b - a. Let x(y) = -y - 12. Determine x(u).
-4
Let g(w) be the third derivative of -w**5/60 + w**4/4 + w**3/6 + w**2. Let d be (16 + 0)/(-4) + 7 + 18/9. Calculate g(d).
6
Let o(r) = -150*r**2 + 74*r**2 + 1 - r + 71*r**2. Suppose 0 = -5*n - g + 2*g, 0 = -n - 3*g + 16. Give o(n).
-5
Let m = -230 + 180. Let z = m + 58. Let i(q) = q**3 - 9*q**2 + 7*q + 9. Calculate i(z).
1
Let y(h) = 3*h**2 - 31*h + 27. Let m(l) = -2*l**2 + 28*l - 22. Let i(x) = 4*m(x) + 3*y(x). Determine i(-21).
35
Let v be (-16)/3*((-324)/4050 + 79/50). Let f(o) = 2*o**2 - 12 + 2*o - 7*o - 3*o**2. Calculate f(v).
-36
Let q(b) = -8 - 3 - 4*b - 6*b - 8. Let d be q(7). Let m = -83 - d. Let a(y) = y**2 - 5*y - 1. What is a(m)?
5
Let l(m) = -m**2 + 13*m + 19. Suppose 0 = -2*o + 5*z + 33, 5*o - 133*z + 128*z - 75 = 0. What is l(o)?
5
Let t(s) be the first derivative of s**4/4 - 4*s**3 - s**2/2 + 5*s - 3376. What is t(12)?
-7
Let o = -7 + 11. Let s(g) = -1 + 5 + o + 2 + 7*g. Let n(l) = 6*l + 10. Let a(h) = 6*n(h) - 5*s(h). Give a(-8).
2
Let z(n) = -2*n**2 - 56*n - 187. Let d be z(-24). Let u(h) = 3*h**2 + 2*h - 18. What is u(d)?
67
Let f(i) = -i**2 + 8*i - 3. Let v be f(6). Let k be (-2)/(-6) + 24/v. Let n(c) be the first derivative of -c**3/3 - c**2/2 + 4*c + 1359. Determine n(k).
-8
Let p(i) be the first derivative of -i**4/4 + 2*i**3 - 3*i**2/2 + 6*i + 7044. Determine p(4).
26
Let k(u) be the second derivative of -u**4/12 - 7*u**3/3 - 43*u**2/2 + 123*u - 2. What is k(-6)?
5
Suppose 135*a - 2444 = 796. Let h(w) = -w**2 + 27*w - 7. Calculate h(a).
65
Let u(f) be the third derivative of -3*f**4/8 + f**3/6 + f**2. Let c be ((-12)/(-36))/((-12)/(-18) + (-1)/1). Determine u(c).
10
Let j(o) = -6*o - 3. Let v be j(-4). Suppose 5*b - 9 = v. Suppose b = 9*t - 8*t. Let r(y) = -y. Calculate r(t).
-6
Let w(s) be the third derivative of -s**5/30 - 2*s**4/3 - 7*s**3/6 + 2179*s**2. Determine w(-11).
-73
Let l(g) = g**2 + 10*g + 7. Suppose s + 40 = 11*s. Let t(k) = 10*k - 49. Let a be t(s). Give l(a).
-2
Let c be ((-5)/10)/((-2)/16). Let g(s) = -332 - 6*s**2 + 1071*s + 337 - 1065*s + 4*s**2. Determine g(c).
-3
Suppose -41 = 14*u - 13. Suppose o - 6 = -2*o. Let n(f) = 3*f**2 - o*f**3 - 5*f + 4*f + 1 - 5*f**2 + 3*f. Calculate n(u).
5
Let p = -87 - -90. Let t(f) = -171*f**2 - p + 172*f**2 + 2*f + 4 + 2 - 1. Calculate t(-2).
2
Let s(m) = -4*m**3 + m + m**3 - 7*m**3. Suppose 4*d - 9 + 33 = o, 4*o - 4*d - 48 = 0. Suppose 19*g = o + 11. What is s(g)?
-9
Let r(o) = -6*o - 5. Let z(f) = 10*f - 380. Let i(n) = n - 35. Let s(y) = 65*i(y) - 6*z(y). Let g(t) = -3*r(t) - 4*s(t). Give g(7).
-19
Let t(b) be the second derivative of b**2 + 0 + 4*b + 2/3*b**3. What is t(3)?
14
Let w(k) = 2*k - 5. Let z be w(4). Let l(i) be the first derivative of 2*i - 5/2*i**2 + 1/3*i**3 - 48. What is l(z)?
-4
Let y(b) be the third derivative of -b**7/840 - 7*b**6/360 - b**5/24 - b**4/24 + 7*b**3/3 + 22*b**2. Let z(g) be the first derivative of y(g). Determine z(-5).
-26
Let l(g) = -g**2 - 8*g + 16. Let z = 18297 - 18289. What is l(z)?
-112
Let z(m) = 16 + 0 - 6 + 4*m - 16. Let p be -2*(-9)/6 - 3. Suppose -q + 5*u + 31 = p, -q - q - 4*u - 8 = 0. Calculate z(q).
18
Suppose 7 = 2*l + 15. Let c(s) = -3*s + 2*s**3 - 5 + 0 - 3*s**2 + 11*s**2. Let x be c(l). Let g(y) = -y**2 + 7*y + 6. What is g(x)?
6
Let h(w) = 8*w**2 + 41*w + 71. Let i(b) = -9*b + 76. Let r be i(8). Let z(c) = -3*c**2 - 14*c - 24. Let s(v) = r*h(v) + 11*z(v). Calculate s(12).
-4
Let d(u) = -3*u - 41. Let f = 8144 + -8163. What is d(f)?
16
Let r(m) = -2*m**2 - 1. Let s = 255 + -251. Let c(f) = f**3 - f**2 - 7*f + 7. Let l(d) = s*r(d) - c(d). Determine l(-8).
-3
Let i = 449 + -442. Let l(u) = 10*u**2 + 6*u + i + 2*u**3 - 4*u**3 - 3*u**2 - 8*u + u**3. Give l(7).
-7
Suppose j - 7 = 4*n, 2*n - 3*j = -3*n - 14. Let g(v) be the second derivative of 3*v**5/10 + v**4/12 + v**3/3 + v**2/2 - 720*v - 4. What is g(n)?
-6
Suppose 4*f = 3*f - i + 5, -f - 4*i + 14 = 0. Let t be (8/2)/(-2 - -4). Let l(n) = 2*n + 27 - 16 - 3*n - 10 + f*n**t + 3*n**3. Calculate l(-2).
-13
Let g(x) = x**2 - 2*x - 301. Let u be g(0). Let n = u + 288. Let m(c) = -c**3 - 12*c**2 + 12*c - 17. Determine m(n).
-4
Let h(a) = 3*a**2 + 15*a + 21. Let n be (-17 - 204/(-16)) + (-2)/(-8). Give h(n).
9
Let v be -6*(-1)/(-10)*-10. Suppose v*y = -3*y - 81. Let g(u) = u**2 - 6. Let a(j) = 4*j**2 - 25. Let o(c) = y*g(c) + 2*a(c). Determine o(0).
4
Suppose 3*p - 37 = 5*u, 15*p - 5*u + 115 = 20*p. Let r(f) = -2*f**2 + 37*f - 19. Calculate r(p).
-38
Let g(i) = i - 5. Let c(d) = -d + 1. Let z(s) = 2*s**2 - 39*s + 60. Let q(l) = 4*c(l) - z(l). Let a be q(16). What is g(a)?
-13
Suppose 52*t + 126 = 94*t. Let f(x) = -26*x**3 + 16*x**t + 11*x**3 - 1 + 2*x - x. Give f(2).
9
Let g(z) = -2*z**2 + 2*z + 1. Let s = -78 + 73. Let h(o) = -6*o - 27. Let k be h(s). Calculate g(k).
-11
Let m(g) = g**2 + 5*g + 7. Let c = -262 + 127. Let k = -139 - c. Calculate m(k).
3
Let q(i) = -32*i + 6. Let h(p) = -1625*p - 2 + 3259*p - 1623*p. Let f(u) = 7*h(u) + 2*q(u). Give f(-1).
-15
Suppose 4*z = -3*g - 0*g + 27, -5*g - 4*z + 37 = 0. Suppose 0 = g*n - 18 + 38. Let o(k) = 0 - 4*k + 0 - 3. What is o(n)?
13
Suppose 3*h = -2*h - 20. Let g(d) = -d**2 - 6*d - 3. Let y be g(h). Let v(r) = 6*r + 4*r**2 - 3*r + 1 - y - 3*r**2. Determine v(-4).
0
Let c(r) = r**2 + 6*r - 113. Let w(y) = y**2 + 4*y - 170. Let s(b) = 7*c(b) - 5*w(b). What is s(-6)?
-1
Let m(u) = 2*u**2 + 3*u. Suppose 44 = -114*y + 92*y. Calculate m(y).
2
Let z be ((-2)/3)/((-3)/9). Let b(x) = -20*x + 23. Let h(v) = 10*v - 10. Let q(a) = -3*b(a) - 7*h(a). Determine q(z).
-19
Let g(a) = 2*a - 5. Let b(z) = 2*z**3 + 3*z**2 + 21*z - 15. Let w be b(6). Let m = -645 + w. Determine g(m).
7
Let w(s) be the third derivative of s**5/60 + 5*s**4/8 + 25*s**3/3 + 1763*s**2. Determine w(-9).
-4
Let w be ((-12)/16)/(2/(-8)). Let p(j) be the third derivative of j**5/60 - j**4/8 - j**3/2 - 26*j**2 + 2. Let k be p(w). Let o(f) = f + 2. Calculate o(k).
-1
Let s = 39 - 35. Suppose 8*c - 184 = s*c. Suppose c - 48 = w. Let a(y) = -2*y**3 - 2*y**2 + 3*y + 2. What is a(w)?
4
Let n(r) = -6*r + 19. Let z be n(2). Let g(b) = 1079*b + 17*b**2 + z*b**2 - 1080*b. Give g(1).
23
Let n(d) = 809*d**3 - 22*d**2 + 856*d**3 - 20 - 15*d - 4*d - 1664*d**3. Calculate n(23).
72
Suppose 24*m + 189 = -3*m. Let h(t) = -t**3 - 9*t**2 - 15*t + 1. Determine h(m).
8
Let s(j) be the third derivative 